What are the prime factors of y?
2, 3, 13
Let z(o) = -3978*o + 590. What are the prime factors of z(-24)?
2, 43, 1117
Let j = -9043 + 28725. List the prime factors of j.
2, 13, 757
Suppose 2*f - 4*q + 99 + 77 = 0, -25 = -5*q. Let j = f - -69. List the prime factors of ((-1341)/12)/(j/12).
149
Let i be (2 + 2 + -1)*3. Suppose 14*h - i = 11*h. Suppose -h*n - 47 = -593. What are the prime factors of n?
2, 7, 13
Let i = -2986 - -6741. List the prime factors of i.
5, 751
Let r(l) = 902*l + 410. List the prime factors of r(7).
2, 41
Let d be -1*67 - -1 - 6/(-3). Let y = d - -73. Suppose 29 = 4*m + y. List the prime factors of m.
5
Let q be (-2)/10 - (-3 + 1084/(-20)). Suppose q = 4*d + 1. Suppose -17*c = -d*c - 201. List the prime factors of c.
67
Suppose -11233 = -5*o + r, 1908 = 3*o + 4*r - 4818. Let q = o - 1050. What are the prime factors of q?
2, 13, 23
Let v(f) = -104*f - 58. Let g(k) = 12*k + 235. Let a be g(-20). List the prime factors of v(a).
2, 3, 7, 11
Let b(t) = 26*t + 8174. List the prime factors of b(62).
2, 3, 7, 233
Let i(q) = -q**3 + 13*q**2 + 49*q. Let n be i(16). Suppose -n = s - 475. List the prime factors of s.
3, 17
Let n(a) = -64*a**2 + 2*a - 36. Let g be n(-7). Let t = 4959 + g. List the prime factors of t.
3, 197
Suppose 0 = w + 56 + 503. Let c = 1025 + w. Suppose 5*i - c - 49 = 0. What are the prime factors of i?
103
Suppose 177*p = 169*p + 936. Suppose -100*m + p*m = 884. What are the prime factors of m?
2, 13
Let r(v) = 368*v**2 - 2*v + 33883. List the prime factors of r(0).
31, 1093
Let o = 42265 - 21370. What are the prime factors of o?
3, 5, 7, 199
Let u = 23 - 29. Let h be 6 + u - 384/(-2). Suppose 2*l - h = 28. What are the prime factors of l?
2, 5, 11
Let m(s) = 10*s**2 + 219*s - 484. What are the prime factors of m(-51)?
7, 293
Suppose 41*l + 94 = 1570. What are the prime factors of (-93)/19 - l/342 - -563?
2, 3, 31
Let j(g) = 462*g**3 - 16*g**2 + 57*g - 7. List the prime factors of j(3).
2, 6247
Suppose 0 = -69*d + 35*d + 102. Suppose -d*n + 1079 + 688 = 0. List the prime factors of n.
19, 31
Let q(z) = -z**2 + 20*z - 10. Let m be q(18). Let k = 25 - m. Let c = k + 27. What are the prime factors of c?
2, 13
Suppose -2*u + 237396 = 4*l, 5*u - 186972 - 50418 = -4*l. What are the prime factors of l?
2, 5, 1187
Let n(m) = -m**3 + 6*m**2 + 5*m - 4. Let x be (-10 - (6 - 4))/(-2). Let s be n(x). Let w = s - 9. List the prime factors of w.
17
Let w = -59808 - -83786. What are the prime factors of w?
2, 19, 631
Let m = -20 - 23. Let b = -46 - m. List the prime factors of (4 - 2) + b + 89.
2, 11
Let m = 20 - 17. Suppose -2*z + m*c = 2*c - 298, 5*z + 4*c = 719. Suppose 4*v - 541 = z. List the prime factors of v.
2, 43
Suppose 28245 = 5*j + 3*n, -j + 4523 = -4*n - 1103. Suppose 0 = -14*h + j + 668. What are the prime factors of h?
11, 41
Let j(k) = 590*k + 10. Let h be j(5). Suppose -17 = -13*z + h. Let p = 381 - z. List the prime factors of p.
2, 19
Suppose 6*i = 5*i + 11. Let o(n) = 46*n - n**2 + 9*n - n**2 - 9*n + 5. List the prime factors of o(i).
269
Let q = 61 - 59. Suppose -4*v - q*z + 0*z + 212 = 0, z + 4 = 0. Suppose -g + 0*j = -2*j - v, 3*g - 154 = -5*j. List the prime factors of g.
53
List the prime factors of 6 - 31/((-62)/25856).
2, 29, 223
Suppose 20*v + 97260 - 577452 = -21*v. What are the prime factors of v?
2, 3, 61
Let p = -1460 - -6323. What are the prime factors of p?
3, 1621
Suppose -71*n + 212*n - 1092609 = 0. List the prime factors of n.
3, 7, 41
Let j(x) = -x**3 + 37*x**2 - 97*x + 85. List the prime factors of j(20).
5, 23, 43
Let x(d) = 117*d**2 - 3*d - 2. Suppose 0 = 4*y - 5 + 13. What are the prime factors of x(y)?
2, 59
Suppose b + b - 1193 = -5*y, 1199 = 5*y - 4*b. Suppose -5*z = -4*z + 2*l - y, 3*l + 239 = z. List the prime factors of z.
239
Suppose 2236*n + 3619998 = 2365*n. List the prime factors of n.
2, 3, 1559
Suppose 0*n - 5*n = -15. Suppose -n*i + 8 = -703. Suppose 31 = -2*q + i. What are the prime factors of q?
103
Let d be ((-141)/(-21) - (-6)/21)*-1. Let t(p) = p**3 + 5*p**2 - 14*p + 6. Let z be t(d). Suppose 6*m = 174 + z. List the prime factors of m.
2, 3, 5
Suppose a + 162 = 166. Let t be 153/3 - (-1 + 1). Suppose -201 = -a*g + t. List the prime factors of g.
3, 7
Suppose 0 = -7*l - l + 64. Suppose -4*q = -0*q - l. What are the prime factors of (-1)/(q/(-8) + 3/13)?
2, 13
Suppose 50*a - 299115 = -35*a. What are the prime factors of a?
3, 17, 23
What are the prime factors of (-7875 + -2)/(5 - 6)?
7877
Suppose 27*s = 22*s + 170. Suppose -s*m + 8544 = -18*m. List the prime factors of m.
2, 3, 89
Let x(c) = 16*c**2 - 4*c + 6. Let y be x(-6). Let a = y + -340. List the prime factors of a.
2, 7, 19
Let d = 213 - 187. Suppose 23*g + 1188 = d*g. What are the prime factors of g?
2, 3, 11
Suppose 5*i = -q + 123566, 137*q - 136*q + 49418 = 2*i. List the prime factors of i.
2, 3089
Let t = 234 + -228. List the prime factors of t/39 - 10/65 - -272.
2, 17
Let s = -23 + -11. Let m(g) = g**2 + 9*g + 32. List the prime factors of m(s).
2, 3, 7
Suppose 35*c = 28*c + 616. Suppose 8 = -8*h - c. List the prime factors of (h/(-14))/(((-6)/(-504))/1).
2, 3
Let k(s) = -s**2 + 56*s + 31. Let v be k(17). Let y = 20 + v. What are the prime factors of y?
2, 3, 7, 17
Suppose -32*h + 8640 = -17*h. Let z = -400 + h. List the prime factors of z.
2, 11
Let w be (5/10)/(1/6). Suppose -21 + 0 = -w*c - 3*b, 4*c + 5*b - 28 = 0. What are the prime factors of 171 + (7 - (c + -5))?
2, 11
Suppose -6*d = -28*d + 1980. Suppose 0 = 95*m - d*m - 365. What are the prime factors of m?
73
Let o be (-125)/10*(-3 + (-1833)/5). Suppose -24*q + 36*q = o. List the prime factors of q.
5, 7, 11
Let c(b) = b**3 - 10*b**2 + 11*b - 4. Let d be c(8). Let q = d + 48. What are the prime factors of 2/q + (-795)/(-10)?
2, 5
Let i = -1219 + 3493. Let k = i - 1576. List the prime factors of k.
2, 349
Let p(z) = -4*z + 32. Suppose -5*f = 4*f + 5*f. Let i(n) = n**3 + n**2 + n - 6. Let t be i(f). What are the prime factors of p(t)?
2, 7
Suppose -2*m + 3*r = -7, m - 27 = -2*m - r. Suppose 4*h + 5*g = 1243, -m*h - 3*g + 621 = -6*h. Let y = h + -120. What are the prime factors of y?
2, 3
Let g(c) = 39*c**2 - 3*c + 14. Let d = 651 - 644. List the prime factors of g(d).
2, 7, 17
Let o be 2/16 - 382/(-32)*2. Suppose -20*n + o*n = 120. Let p = 122 - n. What are the prime factors of p?
2, 23
Let d(r) be the first derivative of r**2/2 + 9*r + 9. Let m be d(-7). What are the prime factors of 137*(m - 2 - -1)?
137
Suppose 6*y - 13930 = -4054. Let a = -739 + y. What are the prime factors of a?
907
Suppose 13 = 3*i - c + 6*c, 2*i - c = 0. What are the prime factors of i*(4 + 296 + -1) - -1?
2, 3, 5
Suppose 5*r - 4*r = 728. Suppose -t + r - 234 = 0. List the prime factors of t.
2, 13, 19
Let g(o) = -17*o**3 - 10*o**2 - 7*o. List the prime factors of g(-6).
2, 3, 13, 43
Let k(h) = -h**3 + 12*h**2 + 2*h + 20. Let c(r) = -r + 5. Let y(p) = -p - 1. Let v(m) = -c(m) + 4*y(m). Let q be v(-7). List the prime factors of k(q).
2, 11
Let d be (-60)/630 - 12226/(-42). Let c = -91 + d. List the prime factors of c.
2, 5
Let a = 42969 - 25662. What are the prime factors of a?
3, 641
Let n = -3733 - -4500. What are the prime factors of n?
13, 59
Let w = 26829 + -12540. What are the prime factors of w?
3, 11, 433
Let m(k) = 9*k + 30. Let l be m(-2). List the prime factors of ((-690)/(-12) - -6)*l.
2, 3, 127
Let l = -29 - -9. Let y be 5/(l/59)*-8. Suppose y = 4*p - 2*c, -4*p + 0*c = 4*c - 112. List the prime factors of p.
29
Suppose -2*f + 3210 = -0*f + 2*h, 4*h = 3*f - 4850. Let q = 1056 + -1049. What are the prime factors of 2/4*f/q?
5, 23
Let j = 48401 - 25514. What are the prime factors of j?
3, 2543
Let j(u) = u**2 + 4*u - 14. Let z be j(-5). Let q(d) = 1. Let c(s) = 8*s + 1. Let v(h) = -c(h) + 3*q(h). What are the prime factors of v(z)?
2, 37
Let c(h) = 12*h**2 - 15 + 0*h**3 - 6*h**2 - h**3 + 20*h + 7*h**2. Let v be -4 + 16/4 + 14. List the prime factors of c(v).
3, 23
Let o be -2 - 2*(922/(-4) - 4). Let p = -222 + o. What are the prime factors of p?
5, 7
Suppose 4*s - 18933 = 6*k - 9*k, 9459 = 2*s - k. Suppose 3792 = 4*x - 5*b, s = 6*x - x - 4*b. What are the prime factors of x?
23, 41
Suppose -7*p + 9*p = -l - 2, -4*p - l - 8 = 0. What are the prime factors of 247 - 